{"id":196,"date":"2023-10-10T11:18:50","date_gmt":"2023-10-10T09:18:50","guid":{"rendered":"https:\/\/caroleseguin.fr\/?page_id=196"},"modified":"2024-02-20T16:49:03","modified_gmt":"2024-02-20T15:49:03","slug":"masterclass-comment-reussir-a-obtenir-la-chevelure-naturelle-de-tes-reves","status":"publish","type":"page","link":"https:\/\/caroleseguin.fr\/index.php\/masterclass-comment-reussir-a-obtenir-la-chevelure-naturelle-de-tes-reves\/","title":{"rendered":"Masterclass : Comment obtenir la Chevelure naturelle de tes R\u00eaves"},"content":{"rendered":"<h1><span style=\"font-family: helvetica, arial, sans-serif; color: #008000; font-size: 18pt;\"><strong>Pourquoi METTRE DES ANNEES \u00e0 revenir \u00e0 tes Cheveux naturels, alors que 3 MOIS SUFFISENT ?!<\/strong><\/span><\/h1>\n<p>&nbsp;<\/p>\n<p><img loading=\"lazy\" decoding=\"async\" class=\" wp-image-197 aligncenter\" src=\"http:\/\/caroleseguin.fr\/wp-content\/uploads\/2023\/10\/Capture-MC-2023-300x230.png\" alt=\"\" width=\"396\" height=\"303\" srcset=\"https:\/\/caroleseguin.fr\/wp-content\/uploads\/2023\/10\/Capture-MC-2023-300x230.png 300w, https:\/\/caroleseguin.fr\/wp-content\/uploads\/2023\/10\/Capture-MC-2023-768x590.png 768w, https:\/\/caroleseguin.fr\/wp-content\/uploads\/2023\/10\/Capture-MC-2023.png 902w\" sizes=\"auto, (max-width: 396px) 100vw, 396px\" \/><\/p>\n<p><span style=\"font-family: helvetica, arial, sans-serif;\">Donc si aujourd\u2019hui tu es g\u00ean\u00e9e, triste, perdue \u00e0 cause de l\u2019\u00e9tat actuel de ta chevelure\u2026 avec l\u2019affreux sentiment de \u00ab cacher la mis\u00e8re \u00bb sous des lissages, des tonnes de gel\/mousse, des perruques ou des rajouts\u2026<\/span><\/p>\n<h2><span style=\"font-family: helvetica, arial, sans-serif; font-size: 14pt; color: #008000;\"><strong>Alors cette Masterclass offerte est FAITE POUR TOI !<\/strong><\/span><\/h2>\n<p style=\"text-align: center;\"><span class=\"col col_name\"><span class=\"col col_shortcode\"><a class=\"maxbutton-6 maxbutton maxbutton-je-m-inscris-a-la-masterclass-gratuite\" target=\"_blank\" rel=\"noopener\" href=\"https:\/\/bit.ly\/caroleseguin\"><span class='mb-text'>Je m&#039;inscris \u00e0 la masterclass gratuite !<\/span><\/a><\/span><\/span><\/p>\n<p>&nbsp;<\/p>\n<p><span style=\"font-family: helvetica, arial, sans-serif;\">J\u2019y l\u00e8ve le voile pour te montrer exactement <strong>comment r\u00e9ussir \u00e0 porter tes cheveux naturels au grand jour, en TOUTE CONFIANCE<\/strong>\u2026 au lieu de passer des ann\u00e9es \u00e0 les dissimuler.<\/span><\/p>\n<p><span style=\"font-family: helvetica, arial, sans-serif;\">Si tu es une Femme active, Cadre en entreprises ou Entrepreneuse, voici ce que tu vas d\u00e9couvrir :<\/span><\/p>\n<ul>\n<li><span style=\"font-family: helvetica, arial, sans-serif;\">Comment devenir la Femme PUISSANTE ET ALIGNEE qui d\u00e9cide de mettre ses cheveux naturels au service de sa r\u00e9ussite, au lieu d&rsquo;en \u00eatre prisonni\u00e8re.<\/span><\/li>\n<\/ul>\n<ul>\n<li><span style=\"font-family: helvetica, arial, sans-serif;\">Le plan d\u2019action en 4 \u00e9tapes pour am\u00e9liorer la SANTE et la BEAUTE de ta Chevelure . La porter avec assurance d\u00e8s la semaine prochaine, m\u00eame si tu ne l\u2019as jamais ou tr\u00e8s peu fait.<\/span><\/li>\n<\/ul>\n<ul>\n<li><span style=\"font-family: helvetica, arial, sans-serif;\">Comment avoir des r\u00e9sultats rapidement sans t\u2019\u00e9puiser gr\u00e2ce \u00e0 un ACCOMPAGNEMENT sur-mesure qui te correspond parfaitement en capitalisant sur tes forces et talents.<\/span><\/li>\n<\/ul>\n<ul>\n<li><span style=\"font-family: helvetica, arial, sans-serif;\">Comment relever tous les d\u00e9fis de ton IMAGE CAPILLAIRE et vivre une vie lumineuse, autant en amour qu&rsquo;au travail.<\/span><\/li>\n<\/ul>\n<p>&nbsp;<\/p>\n<p><span style=\"font-family: helvetica, arial, sans-serif;\">Si c&rsquo;est ce que tu veux, alors cette Masterclass est pour toi.<\/span><\/p>\n<p style=\"text-align: center;\"><span class=\"col col_name\"><span class=\"col col_shortcode\"><a class=\"maxbutton-6 maxbutton maxbutton-je-m-inscris-a-la-masterclass-gratuite\" target=\"_blank\" rel=\"noopener\" href=\"https:\/\/bit.ly\/caroleseguin\"><span class='mb-text'>Je m&#039;inscris \u00e0 la masterclass gratuite !<\/span><\/a><\/span><\/span><\/p>\n<p><span style=\"font-family: helvetica, arial, sans-serif;\"><a href=\"https:\/\/caroleseguin.fr\/index.php\/podcast-ma-chevelure-ma-puissance\/\" target=\"_blank\" rel=\"noopener\">Retrouve-moi aussi sur mon Podcast<\/a> \ud83d\ude09<\/span><\/p>\n<p>&nbsp;<\/p>\n<p>&nbsp;<\/p>\n<p><img loading=\"lazy\" decoding=\"async\" class=\"alignnone wp-image-11\" src=\"http:\/\/caroleseguin.fr\/wp-content\/uploads\/2023\/09\/Capture-carole-257x300.png\" alt=\"\" width=\"121\" height=\"141\" srcset=\"https:\/\/caroleseguin.fr\/wp-content\/uploads\/2023\/09\/Capture-carole-257x300.png 257w, https:\/\/caroleseguin.fr\/wp-content\/uploads\/2023\/09\/Capture-carole.png 633w\" sizes=\"auto, (max-width: 121px) 100vw, 121px\" \/><\/p>\n<div id=\"page\" class=\"page container-fluid\">\n<div id=\"page_background_color\" class=\"row\">\n<div id=\"_bkla87r55\" class=\"content content--padding-extra-small content--padding-top-none\">\n<div>\n<div>\n<div class=\"container\">\n<div class=\"row\" data-component=\"grid\">\n<div class=\"col-md-4 column--padding-bottom-small\">\n<div class=\"js_kartra_component_holder\">\n<div data-component=\"headline\">\n<div class=\"kartra_headline kartra_headline--bright-yellow kartra_headline--open-sans-font kartra_headline--h6 kartra_headline--font-weight-regular kartra_headline--sm-text-center kartra_headline--margin-bottom-small\" aria-controls=\"cke_660\" aria-activedescendant=\"\" aria-autocomplete=\"list\" aria-expanded=\"false\">\n<p><span style=\"font-size: 10pt;\"><strong>Carole SEGUIN, coach capillaire certifi\u00e9e<\/strong><\/span><\/p>\n<\/div>\n<\/div>\n<div data-component=\"text\">\n<div class=\"kartra_text kartra_text--sm-text-center kartra_text--extra-small kartra_text--white kartra_text--open-sans-font kartra_text--font-weight-regular\" aria-controls=\"cke_82\" aria-activedescendant=\"\" aria-autocomplete=\"list\" aria-expanded=\"false\">\n<p><span style=\"font-size: 10pt;\">Je suis passionn\u00e9e par la beaut\u00e9, les bienfaits et la valorisation des cheveux naturels depuis 2013.<\/span><\/p>\n<p><span style=\"font-size: 10pt;\">Avec ma certification de Coach professionnelle, sp\u00e9cialiste de l&rsquo;Accompagnement au changement, mon intention est de rendre\u00a0<strong>chaque Femme irr\u00e9sistiblement belle et confiante avec sa Chevelure Haute Puissance !<\/strong><\/span><\/p>\n<p><span style=\"font-size: 10pt;\"><a href=\"http:\/\/www.linktr.ee\/caroleseguin?uuid=1f5d5714-fd22-403f-859a-ed95e8551175&amp;kref=daJVL5kyDgZa\" target=\"_parent\" rel=\"noopener\" data-frame-id=\"_bkla87r55\"><u>Retrouve mon Univers capillaire ICI<\/u><\/a><\/span><\/p>\n<\/div>\n<\/div>\n<\/div>\n<\/div>\n<\/div>\n<\/div>\n<\/div>\n<div class=\"kartra_element_bg kartra_element_bg--padding-top-special-medium kartra_element_bg--padding-bottom-tiny\" data-component=\"bundle\">\n<div class=\"background-item\" data-was-processed=\"true\"><span style=\"font-size: 10pt;\">Email : contact@my-afro.com<\/span><\/div>\n<div data-was-processed=\"true\"><\/div>\n<div data-was-processed=\"true\"><\/div>\n<div class=\"container\">\n<div class=\"row row--equal\" data-component=\"grid\">\n<div class=\"col-md-7 column--vertical-center\">\n<div class=\"kartra_link_wrapper kartra_link_wrapper--flex kartra_link_wrapper--align-left kartra_link_wrapper--sm-align-center kartra_link_wrapper--margin-bottom-small\" data-component=\"bundle\"><\/div>\n<\/div>\n<div class=\"col-md-5 column--vertical-center\">\n<div class=\"js_kartra_component_holder\">\n<div data-component=\"text\">\n<div class=\"kartra_text kartra_text--open-sans-font kartra_text--font-weight-regular kartra_text--dim-black kartra_text--text-right kartra_text--sm-text-center kartra_text--margin-bottom-special-medium\" aria-controls=\"cke_4924\" aria-activedescendant=\"\" aria-autocomplete=\"list\" aria-expanded=\"false\">\n<p><span style=\"font-size: 8pt;\">\u00a9 2024 &#8211; Tous droits r\u00e9serv\u00e9s par Carole SEGUIN &#8211; Coaching capillaire sur-mesure \u2013 N\u00b0 SIRET 880 316 088 00017<\/span><\/p>\n<\/div>\n<\/div>\n<\/div>\n<\/div>\n<\/div>\n<\/div>\n<\/div>\n<\/div>\n<\/div>\n<\/div>\n<\/div>\n","protected":false},"excerpt":{"rendered":"<p>Pourquoi METTRE DES ANNEES \u00e0 revenir \u00e0 tes Cheveux naturels, alors que 3 MOIS SUFFISENT ?! &nbsp; Donc si aujourd\u2019hui tu es g\u00ean\u00e9e, triste, perdue \u00e0 cause de l\u2019\u00e9tat actuel de ta chevelure\u2026 avec l\u2019affreux sentiment de \u00ab cacher la mis\u00e8re \u00bb sous des lissages, des tonnes de gel\/mousse, des perruques ou des rajouts\u2026 Alors &hellip; <\/p>\n<p class=\"link-more\"><a href=\"https:\/\/caroleseguin.fr\/index.php\/masterclass-comment-reussir-a-obtenir-la-chevelure-naturelle-de-tes-reves\/\" class=\"more-link\">Continuer la lecture<span class=\"screen-reader-text\"> de &laquo;&nbsp;Masterclass : Comment obtenir la Chevelure naturelle de tes R\u00eaves&nbsp;&raquo;<\/span><\/a><\/p>\n","protected":false},"author":1,"featured_media":0,"parent":0,"menu_order":0,"comment_status":"closed","ping_status":"closed","template":"","meta":{"_seopress_robots_primary_cat":"","_seopress_titles_title":"","_seopress_titles_desc":"","_seopress_robots_index":"","_uag_custom_page_level_css":"","footnotes":""},"class_list":["post-196","page","type-page","status-publish","hentry"],"uagb_featured_image_src":{"full":false,"thumbnail":false,"medium":false,"medium_large":false,"large":false,"1536x1536":false,"2048x2048":false,"twentyseventeen-featured-image":false,"twentyseventeen-thumbnail-avatar":false},"uagb_author_info":{"display_name":"admin4723","author_link":"https:\/\/caroleseguin.fr\/index.php\/author\/admin4723\/"},"uagb_comment_info":0,"uagb_excerpt":"Pourquoi METTRE DES ANNEES \u00e0 revenir \u00e0 tes Cheveux naturels, alors que 3 MOIS SUFFISENT ?! &nbsp; Donc si aujourd\u2019hui tu es g\u00ean\u00e9e, triste, perdue \u00e0 cause de l\u2019\u00e9tat actuel de ta chevelure\u2026 avec l\u2019affreux sentiment de \u00ab cacher la mis\u00e8re \u00bb sous des lissages, des tonnes de gel\/mousse, des perruques ou des rajouts\u2026 Alors\u2026","_links":{"self":[{"href":"https:\/\/caroleseguin.fr\/index.php\/wp-json\/wp\/v2\/pages\/196","targetHints":{"allow":["GET"]}}],"collection":[{"href":"https:\/\/caroleseguin.fr\/index.php\/wp-json\/wp\/v2\/pages"}],"about":[{"href":"https:\/\/caroleseguin.fr\/index.php\/wp-json\/wp\/v2\/types\/page"}],"author":[{"embeddable":true,"href":"https:\/\/caroleseguin.fr\/index.php\/wp-json\/wp\/v2\/users\/1"}],"replies":[{"embeddable":true,"href":"https:\/\/caroleseguin.fr\/index.php\/wp-json\/wp\/v2\/comments?post=196"}],"version-history":[{"count":9,"href":"https:\/\/caroleseguin.fr\/index.php\/wp-json\/wp\/v2\/pages\/196\/revisions"}],"predecessor-version":[{"id":276,"href":"https:\/\/caroleseguin.fr\/index.php\/wp-json\/wp\/v2\/pages\/196\/revisions\/276"}],"wp:attachment":[{"href":"https:\/\/caroleseguin.fr\/index.php\/wp-json\/wp\/v2\/media?parent=196"}],"curies":[{"name":"wp","href":"https:\/\/api.w.org\/{rel}","templated":true}]}}

Masterclass : Comment obtenir la Chevelure naturelle de tes Rêves

<h1><span style="font-family: helvetica, arial, sans-serif; color: #008000; font-size: 18pt;"><strong>Pourquoi METTRE DES ANNEES à revenir à tes Cheveux naturels, alors que 3 MOIS SUFFISENT ?!</strong></span></h1>
<p>&nbsp;</p>
<p><img loading="lazy" decoding="async" class=" wp-image-197 aligncenter" src="http://caroleseguin.fr/wp-content/uploads/2023/10/Capture-MC-2023-300x230.png" alt="" width="396" height="303" srcset="https://caroleseguin.fr/wp-content/uploads/2023/10/Capture-MC-2023-300x230.png 300w, https://caroleseguin.fr/wp-content/uploads/2023/10/Capture-MC-2023-768x590.png 768w, https://caroleseguin.fr/wp-content/uploads/2023/10/Capture-MC-2023.png 902w" sizes="auto, (max-width: 396px) 100vw, 396px" /></p>
<p><span style="font-family: helvetica, arial, sans-serif;">Donc si aujourd’hui tu es gênée, triste, perdue à cause de l’état actuel de ta chevelure… avec l’affreux sentiment de « cacher la misère » sous des lissages, des tonnes de gel/mousse, des perruques ou des rajouts…</span></p>
<h2><span style="font-family: helvetica, arial, sans-serif; font-size: 14pt; color: #008000;"><strong>Alors cette Masterclass offerte est FAITE POUR TOI !</strong></span></h2>
<p style="text-align: center;"><span class="col col_name"><span class="col col_shortcode"><a class="maxbutton-6 maxbutton maxbutton-je-m-inscris-a-la-masterclass-gratuite" target="_blank" rel="noopener" href="https://bit.ly/caroleseguin"><span class='mb-text'>Je m&#039;inscris à la masterclass gratuite !</span></a></span></span></p>
<p>&nbsp;</p>
<p><span style="font-family: helvetica, arial, sans-serif;">J’y lève le voile pour te montrer exactement <strong>comment réussir à porter tes cheveux naturels au grand jour, en TOUTE CONFIANCE</strong>… au lieu de passer des années à les dissimuler.</span></p>
<p><span style="font-family: helvetica, arial, sans-serif;">Si tu es une Femme active, Cadre en entreprises ou Entrepreneuse, voici ce que tu vas découvrir :</span></p>
<ul>
<li><span style="font-family: helvetica, arial, sans-serif;">Comment devenir la Femme PUISSANTE ET ALIGNEE qui décide de mettre ses cheveux naturels au service de sa réussite, au lieu d&rsquo;en être prisonnière.</span></li>
</ul>
<ul>
<li><span style="font-family: helvetica, arial, sans-serif;">Le plan d’action en 4 étapes pour améliorer la SANTE et la BEAUTE de ta Chevelure . La porter avec assurance dès la semaine prochaine, même si tu ne l’as jamais ou très peu fait.</span></li>
</ul>
<ul>
<li><span style="font-family: helvetica, arial, sans-serif;">Comment avoir des résultats rapidement sans t’épuiser grâce à un ACCOMPAGNEMENT sur-mesure qui te correspond parfaitement en capitalisant sur tes forces et talents.</span></li>
</ul>
<ul>
<li><span style="font-family: helvetica, arial, sans-serif;">Comment relever tous les défis de ton IMAGE CAPILLAIRE et vivre une vie lumineuse, autant en amour qu&rsquo;au travail.</span></li>
</ul>
<p>&nbsp;</p>
<p><span style="font-family: helvetica, arial, sans-serif;">Si c&rsquo;est ce que tu veux, alors cette Masterclass est pour toi.</span></p>
<p style="text-align: center;"><span class="col col_name"><span class="col col_shortcode"><a class="maxbutton-6 maxbutton maxbutton-je-m-inscris-a-la-masterclass-gratuite" target="_blank" rel="noopener" href="https://bit.ly/caroleseguin"><span class='mb-text'>Je m&#039;inscris à la masterclass gratuite !</span></a></span></span></p>
<p><span style="font-family: helvetica, arial, sans-serif;"><a href="https://caroleseguin.fr/index.php/podcast-ma-chevelure-ma-puissance/" target="_blank" rel="noopener">Retrouve-moi aussi sur mon Podcast</a> 😉</span></p>
<p>&nbsp;</p>
<p>&nbsp;</p>
<p><img loading="lazy" decoding="async" class="alignnone wp-image-11" src="http://caroleseguin.fr/wp-content/uploads/2023/09/Capture-carole-257x300.png" alt="" width="121" height="141" srcset="https://caroleseguin.fr/wp-content/uploads/2023/09/Capture-carole-257x300.png 257w, https://caroleseguin.fr/wp-content/uploads/2023/09/Capture-carole.png 633w" sizes="auto, (max-width: 121px) 100vw, 121px" /></p>
<div id="page" class="page container-fluid">
<div id="page_background_color" class="row">
<div id="_bkla87r55" class="content content--padding-extra-small content--padding-top-none">
<div>
<div>
<div class="container">
<div class="row" data-component="grid">
<div class="col-md-4 column--padding-bottom-small">
<div class="js_kartra_component_holder">
<div data-component="headline">
<div class="kartra_headline kartra_headline--bright-yellow kartra_headline--open-sans-font kartra_headline--h6 kartra_headline--font-weight-regular kartra_headline--sm-text-center kartra_headline--margin-bottom-small" aria-controls="cke_660" aria-activedescendant="" aria-autocomplete="list" aria-expanded="false">
<p><span style="font-size: 10pt;"><strong>Carole SEGUIN, coach capillaire certifiée</strong></span></p>
</div>
</div>
<div data-component="text">
<div class="kartra_text kartra_text--sm-text-center kartra_text--extra-small kartra_text--white kartra_text--open-sans-font kartra_text--font-weight-regular" aria-controls="cke_82" aria-activedescendant="" aria-autocomplete="list" aria-expanded="false">
<p><span style="font-size: 10pt;">Je suis passionnée par la beauté, les bienfaits et la valorisation des cheveux naturels depuis 2013.</span></p>
<p><span style="font-size: 10pt;">Avec ma certification de Coach professionnelle, spécialiste de l&rsquo;Accompagnement au changement, mon intention est de rendre <strong>chaque Femme irrésistiblement belle et confiante avec sa Chevelure Haute Puissance !</strong></span></p>
<p><span style="font-size: 10pt;"><a href="http://www.linktr.ee/caroleseguin?uuid=1f5d5714-fd22-403f-859a-ed95e8551175&amp;kref=daJVL5kyDgZa" target="_parent" rel="noopener" data-frame-id="_bkla87r55"><u>Retrouve mon Univers capillaire ICI</u></a></span></p>
</div>
</div>
</div>
</div>
</div>
</div>
</div>
<div class="kartra_element_bg kartra_element_bg--padding-top-special-medium kartra_element_bg--padding-bottom-tiny" data-component="bundle">
<div class="background-item" data-was-processed="true"><span style="font-size: 10pt;">Email : contact@my-afro.com</span></div>
<div data-was-processed="true"></div>
<div data-was-processed="true"></div>
<div class="container">
<div class="row row--equal" data-component="grid">
<div class="col-md-7 column--vertical-center">
<div class="kartra_link_wrapper kartra_link_wrapper--flex kartra_link_wrapper--align-left kartra_link_wrapper--sm-align-center kartra_link_wrapper--margin-bottom-small" data-component="bundle"></div>
</div>
<div class="col-md-5 column--vertical-center">
<div class="js_kartra_component_holder">
<div data-component="text">
<div class="kartra_text kartra_text--open-sans-font kartra_text--font-weight-regular kartra_text--dim-black kartra_text--text-right kartra_text--sm-text-center kartra_text--margin-bottom-special-medium" aria-controls="cke_4924" aria-activedescendant="" aria-autocomplete="list" aria-expanded="false">
<p><span style="font-size: 8pt;">© 2024 &#8211; Tous droits réservés par Carole SEGUIN &#8211; Coaching capillaire sur-mesure – N° SIRET 880 316 088 00017</span></p>
</div>
</div>
</div>
</div>
</div>
</div>
</div>
</div>
</div>
</div>
</div>

<p>Pourquoi METTRE DES ANNEES à revenir à tes Cheveux naturels, alors que 3 MOIS SUFFISENT ?! &nbsp; Donc si aujourd’hui tu es gênée, triste, perdue à cause de l’état actuel de ta chevelure… avec l’affreux sentiment de « cacher la misère » sous des lissages, des tonnes de gel/mousse, des perruques ou des rajouts… Alors &hellip; </p>
<p class="link-more"><a href="https://caroleseguin.fr/index.php/masterclass-comment-reussir-a-obtenir-la-chevelure-naturelle-de-tes-reves/" class="more-link">Continuer la lecture<span class="screen-reader-text"> de &laquo;&nbsp;Masterclass : Comment obtenir la Chevelure naturelle de tes Rêves&nbsp;&raquo;</span></a></p>

Pourquoi METTRE DES ANNEES à revenir à tes Cheveux naturels, alors que 3 MOIS SUFFISENT ?! &nbsp; Donc si aujourd’hui tu es gênée, triste, perdue à cause de l’état actuel de ta chevelure… avec l’affreux sentiment de « cacher la misère » sous des lissages, des tonnes de gel/mousse, des perruques ou des rajouts… Alors…
