{"id":289,"date":"2024-07-21T16:15:48","date_gmt":"2024-07-21T14:15:48","guid":{"rendered":"https:\/\/caroleseguin.fr\/?page_id=289"},"modified":"2024-07-21T16:35:18","modified_gmt":"2024-07-21T14:35:18","slug":"programme-hair-coaching-pour-les-papas","status":"publish","type":"page","link":"https:\/\/caroleseguin.fr\/index.php\/programme-hair-coaching-pour-les-papas\/","title":{"rendered":"Programme Hair coaching pour les papas"},"content":{"rendered":"<h1><span style=\"font-family: helvetica, arial, sans-serif;\"><strong><span style=\"color: #008000;\">D\u00e9couvre d\u00e8s maintenant mon programme Hair Coaching pour les Papas !<\/span> <\/strong><\/span><\/h1>\n<h2><span style=\"font-family: helvetica, arial, sans-serif;\"><strong>Le nouveau programme capillaire sur-mesure pour papas d\u00e9butants !<\/strong><\/span><\/h2>\n<p><strong><span style=\"font-family: helvetica, arial, sans-serif;\">Les tips pour \u00eatre efficace sur les soins, les gestes,\u00a0 les mod\u00e8les de coiffure&#8230; sans prise de t\u00eate !<\/span><br \/>\n<\/strong><\/p>\n<a class=\"maxbutton-8 maxbutton maxbutton-je-decouvre\" target=\"_blank\" rel=\"noopener\" href=\"https:\/\/caroleseguin.kartra.com\/page\/haircoachingpapas\"><span class='mb-text'>Je d\u00e9couvre<\/span><\/a>\n<p>&nbsp;<\/p>\n<p><img loading=\"lazy\" decoding=\"async\" class=\"aligncenter wp-image-308 size-full\" src=\"http:\/\/caroleseguin.fr\/wp-content\/uploads\/2024\/07\/Capture-header-papa.png\" alt=\"\" width=\"775\" height=\"258\" srcset=\"https:\/\/caroleseguin.fr\/wp-content\/uploads\/2024\/07\/Capture-header-papa.png 775w, https:\/\/caroleseguin.fr\/wp-content\/uploads\/2024\/07\/Capture-header-papa-300x100.png 300w, https:\/\/caroleseguin.fr\/wp-content\/uploads\/2024\/07\/Capture-header-papa-768x256.png 768w\" sizes=\"auto, (max-width: 767px) 89vw, (max-width: 1000px) 54vw, (max-width: 1071px) 543px, 580px\" \/><\/p>\n<p>&nbsp;<\/p>\n<p><img loading=\"lazy\" decoding=\"async\" class=\"size-medium wp-image-8 aligncenter\" src=\"http:\/\/caroleseguin.fr\/wp-content\/uploads\/2023\/09\/Logo-Carole-Seguin_Coaching-capillaire-e1695553736504-300x165.png\" alt=\"\" width=\"300\" height=\"165\" srcset=\"https:\/\/caroleseguin.fr\/wp-content\/uploads\/2023\/09\/Logo-Carole-Seguin_Coaching-capillaire-e1695553736504-300x165.png 300w, https:\/\/caroleseguin.fr\/wp-content\/uploads\/2023\/09\/Logo-Carole-Seguin_Coaching-capillaire-e1695553736504-1024x564.png 1024w, https:\/\/caroleseguin.fr\/wp-content\/uploads\/2023\/09\/Logo-Carole-Seguin_Coaching-capillaire-e1695553736504-768x423.png 768w, https:\/\/caroleseguin.fr\/wp-content\/uploads\/2023\/09\/Logo-Carole-Seguin_Coaching-capillaire-e1695553736504.png 1080w\" sizes=\"auto, (max-width: 300px) 100vw, 300px\" \/><\/p>\n<div>\n<div class=\"container\">\n<div class=\"row\" data-component=\"grid\">\n<div class=\"col-md-4 column--padding-bottom-small\">\n<div class=\"js_kartra_component_holder\">\n<div data-component=\"headline\">\n<div class=\"kartra_headline kartra_headline--bright-yellow kartra_headline--open-sans-font kartra_headline--h6 kartra_headline--font-weight-regular kartra_headline--sm-text-center kartra_headline--margin-bottom-small\" aria-controls=\"cke_660\" aria-activedescendant=\"\" aria-autocomplete=\"list\" aria-expanded=\"false\">\n<p><img loading=\"lazy\" decoding=\"async\" class=\"aligncenter wp-image-122 size-thumbnail\" src=\"http:\/\/caroleseguin.fr\/wp-content\/uploads\/2023\/09\/IMG_0006-150x150.jpeg\" alt=\"\" width=\"150\" height=\"150\" \/><\/p>\n<p><span style=\"font-family: helvetica, arial, sans-serif;\"><strong>Carole SEGUIN, coach capillaire certifi\u00e9e<\/strong><\/span><\/p>\n<\/div>\n<\/div>\n<div data-component=\"text\">\n<div class=\"kartra_text kartra_text--sm-text-center kartra_text--extra-small kartra_text--white kartra_text--open-sans-font kartra_text--font-weight-regular\" aria-controls=\"cke_82\" aria-activedescendant=\"\" aria-autocomplete=\"list\" aria-expanded=\"false\">\n<p><span style=\"font-family: helvetica, arial, sans-serif;\">Je suis passionn\u00e9e par la beaut\u00e9, les bienfaits et la valorisation des cheveux naturels depuis 2013.<\/span><\/p>\n<p><span style=\"font-family: helvetica, arial, sans-serif;\">Avec ma certification de Coach professionnelle, sp\u00e9cialiste de l\u2019Accompagnement au changement, mon intention est de rendre\u00a0<strong>chaque Femme irr\u00e9sistiblement belle et confiante avec sa Chevelure Haute Puissance !<\/strong><\/span><\/p>\n<p><span style=\"font-family: helvetica, arial, sans-serif;\"><a href=\"http:\/\/www.linktr.ee\/caroleseguin?uuid=1f5d5714-fd22-403f-859a-ed95e8551175&amp;kref=daJVL5kyDgZa\" target=\"_parent\" rel=\"noopener\" data-frame-id=\"_bkla87r55\"><u>Retrouve mon Univers capillaire ICI<\/u><\/a><\/span><\/p>\n<\/div>\n<\/div>\n<\/div>\n<\/div>\n<\/div>\n<\/div>\n<\/div>\n<div class=\"kartra_element_bg kartra_element_bg--padding-top-special-medium kartra_element_bg--padding-bottom-tiny\" data-component=\"bundle\">\n<div class=\"background-item\" data-was-processed=\"true\">Email : contact@my-afro.com<\/div>\n<div data-was-processed=\"true\"><\/div>\n<div data-was-processed=\"true\"><\/div>\n<div class=\"container\">\n<div class=\"row row--equal\" data-component=\"grid\">\n<div class=\"col-md-7 column--vertical-center\">\n<div class=\"kartra_link_wrapper kartra_link_wrapper--flex kartra_link_wrapper--align-left kartra_link_wrapper--sm-align-center kartra_link_wrapper--margin-bottom-small\" data-component=\"bundle\"><\/div>\n<\/div>\n<div class=\"col-md-5 column--vertical-center\">\n<div class=\"js_kartra_component_holder\">\n<div data-component=\"text\">\n<div class=\"kartra_text kartra_text--open-sans-font kartra_text--font-weight-regular kartra_text--dim-black kartra_text--text-right kartra_text--sm-text-center kartra_text--margin-bottom-special-medium\" aria-controls=\"cke_4924\" aria-activedescendant=\"\" aria-autocomplete=\"list\" aria-expanded=\"false\">\n<p><span style=\"font-size: 10pt; font-family: helvetica, arial, sans-serif;\">\u00a9 2024 \u2013 Tous droits r\u00e9serv\u00e9s par Carole SEGUIN \u2013 Coaching capillaire sur-mesure \u2013 N\u00b0 SIRET 880 316 088 00017<\/span><\/p>\n<\/div>\n<\/div>\n<\/div>\n<\/div>\n<\/div>\n<\/div>\n<\/div>\n<p>&nbsp;<\/p>\n","protected":false},"excerpt":{"rendered":"<p>D\u00e9couvre d\u00e8s maintenant mon programme Hair Coaching pour les Papas ! Le nouveau programme capillaire sur-mesure pour papas d\u00e9butants ! Les tips pour \u00eatre efficace sur les soins, les gestes,\u00a0 les mod\u00e8les de coiffure&#8230; sans prise de t\u00eate ! &nbsp; &nbsp; Carole SEGUIN, coach capillaire certifi\u00e9e Je suis passionn\u00e9e par la beaut\u00e9, les bienfaits et &hellip; <\/p>\n<p class=\"link-more\"><a href=\"https:\/\/caroleseguin.fr\/index.php\/programme-hair-coaching-pour-les-papas\/\" class=\"more-link\">Continuer la lecture<span class=\"screen-reader-text\"> de &laquo;&nbsp;Programme Hair coaching pour les papas&nbsp;&raquo;<\/span><\/a><\/p>\n","protected":false},"author":1,"featured_media":0,"parent":0,"menu_order":0,"comment_status":"closed","ping_status":"closed","template":"","meta":{"_seopress_robots_primary_cat":"","_seopress_titles_title":"Programme Hair coaching pour les papas","_seopress_titles_desc":"D\u00e9couvre d\u00e8s maintenant mon programme Hair Coaching pour les Papas. Le nouveau programme capillaire sur-mesure pour papas d\u00e9butants !","_seopress_robots_index":"","_uag_custom_page_level_css":"","footnotes":""},"class_list":["post-289","page","type-page","status-publish","hentry"],"uagb_featured_image_src":{"full":false,"thumbnail":false,"medium":false,"medium_large":false,"large":false,"1536x1536":false,"2048x2048":false,"twentyseventeen-featured-image":false,"twentyseventeen-thumbnail-avatar":false},"uagb_author_info":{"display_name":"admin4723","author_link":"https:\/\/caroleseguin.fr\/index.php\/author\/admin4723\/"},"uagb_comment_info":0,"uagb_excerpt":"D\u00e9couvre d\u00e8s maintenant mon programme Hair Coaching pour les Papas ! Le nouveau programme capillaire sur-mesure pour papas d\u00e9butants ! Les tips pour \u00eatre efficace sur les soins, les gestes,\u00a0 les mod\u00e8les de coiffure&#8230; sans prise de t\u00eate ! &nbsp; &nbsp; Carole SEGUIN, coach capillaire certifi\u00e9e Je suis passionn\u00e9e par la beaut\u00e9, les bienfaits et\u2026","_links":{"self":[{"href":"https:\/\/caroleseguin.fr\/index.php\/wp-json\/wp\/v2\/pages\/289","targetHints":{"allow":["GET"]}}],"collection":[{"href":"https:\/\/caroleseguin.fr\/index.php\/wp-json\/wp\/v2\/pages"}],"about":[{"href":"https:\/\/caroleseguin.fr\/index.php\/wp-json\/wp\/v2\/types\/page"}],"author":[{"embeddable":true,"href":"https:\/\/caroleseguin.fr\/index.php\/wp-json\/wp\/v2\/users\/1"}],"replies":[{"embeddable":true,"href":"https:\/\/caroleseguin.fr\/index.php\/wp-json\/wp\/v2\/comments?post=289"}],"version-history":[{"count":7,"href":"https:\/\/caroleseguin.fr\/index.php\/wp-json\/wp\/v2\/pages\/289\/revisions"}],"predecessor-version":[{"id":315,"href":"https:\/\/caroleseguin.fr\/index.php\/wp-json\/wp\/v2\/pages\/289\/revisions\/315"}],"wp:attachment":[{"href":"https:\/\/caroleseguin.fr\/index.php\/wp-json\/wp\/v2\/media?parent=289"}],"curies":[{"name":"wp","href":"https:\/\/api.w.org\/{rel}","templated":true}]}}

<h1><span style="font-family: helvetica, arial, sans-serif;"><strong><span style="color: #008000;">Découvre dès maintenant mon programme Hair Coaching pour les Papas !</span> </strong></span></h1>
<h2><span style="font-family: helvetica, arial, sans-serif;"><strong>Le nouveau programme capillaire sur-mesure pour papas débutants !</strong></span></h2>
<p><strong><span style="font-family: helvetica, arial, sans-serif;">Les tips pour être efficace sur les soins, les gestes,  les modèles de coiffure&#8230; sans prise de tête !</span><br />
</strong></p>
<a class="maxbutton-8 maxbutton maxbutton-je-decouvre" target="_blank" rel="noopener" href="https://caroleseguin.kartra.com/page/haircoachingpapas"><span class='mb-text'>Je découvre</span></a>
<p>&nbsp;</p>
<p><img loading="lazy" decoding="async" class="aligncenter wp-image-308 size-full" src="http://caroleseguin.fr/wp-content/uploads/2024/07/Capture-header-papa.png" alt="" width="775" height="258" srcset="https://caroleseguin.fr/wp-content/uploads/2024/07/Capture-header-papa.png 775w, https://caroleseguin.fr/wp-content/uploads/2024/07/Capture-header-papa-300x100.png 300w, https://caroleseguin.fr/wp-content/uploads/2024/07/Capture-header-papa-768x256.png 768w" sizes="auto, (max-width: 767px) 89vw, (max-width: 1000px) 54vw, (max-width: 1071px) 543px, 580px" /></p>
<p>&nbsp;</p>
<p><img loading="lazy" decoding="async" class="size-medium wp-image-8 aligncenter" src="http://caroleseguin.fr/wp-content/uploads/2023/09/Logo-Carole-Seguin_Coaching-capillaire-e1695553736504-300x165.png" alt="" width="300" height="165" srcset="https://caroleseguin.fr/wp-content/uploads/2023/09/Logo-Carole-Seguin_Coaching-capillaire-e1695553736504-300x165.png 300w, https://caroleseguin.fr/wp-content/uploads/2023/09/Logo-Carole-Seguin_Coaching-capillaire-e1695553736504-1024x564.png 1024w, https://caroleseguin.fr/wp-content/uploads/2023/09/Logo-Carole-Seguin_Coaching-capillaire-e1695553736504-768x423.png 768w, https://caroleseguin.fr/wp-content/uploads/2023/09/Logo-Carole-Seguin_Coaching-capillaire-e1695553736504.png 1080w" sizes="auto, (max-width: 300px) 100vw, 300px" /></p>
<div>
<div class="container">
<div class="row" data-component="grid">
<div class="col-md-4 column--padding-bottom-small">
<div class="js_kartra_component_holder">
<div data-component="headline">
<div class="kartra_headline kartra_headline--bright-yellow kartra_headline--open-sans-font kartra_headline--h6 kartra_headline--font-weight-regular kartra_headline--sm-text-center kartra_headline--margin-bottom-small" aria-controls="cke_660" aria-activedescendant="" aria-autocomplete="list" aria-expanded="false">
<p><img loading="lazy" decoding="async" class="aligncenter wp-image-122 size-thumbnail" src="http://caroleseguin.fr/wp-content/uploads/2023/09/IMG_0006-150x150.jpeg" alt="" width="150" height="150" /></p>
<p><span style="font-family: helvetica, arial, sans-serif;"><strong>Carole SEGUIN, coach capillaire certifiée</strong></span></p>
</div>
</div>
<div data-component="text">
<div class="kartra_text kartra_text--sm-text-center kartra_text--extra-small kartra_text--white kartra_text--open-sans-font kartra_text--font-weight-regular" aria-controls="cke_82" aria-activedescendant="" aria-autocomplete="list" aria-expanded="false">
<p><span style="font-family: helvetica, arial, sans-serif;">Je suis passionnée par la beauté, les bienfaits et la valorisation des cheveux naturels depuis 2013.</span></p>
<p><span style="font-family: helvetica, arial, sans-serif;">Avec ma certification de Coach professionnelle, spécialiste de l’Accompagnement au changement, mon intention est de rendre <strong>chaque Femme irrésistiblement belle et confiante avec sa Chevelure Haute Puissance !</strong></span></p>
<p><span style="font-family: helvetica, arial, sans-serif;"><a href="http://www.linktr.ee/caroleseguin?uuid=1f5d5714-fd22-403f-859a-ed95e8551175&amp;kref=daJVL5kyDgZa" target="_parent" rel="noopener" data-frame-id="_bkla87r55"><u>Retrouve mon Univers capillaire ICI</u></a></span></p>
</div>
</div>
</div>
</div>
</div>
</div>
</div>
<div class="kartra_element_bg kartra_element_bg--padding-top-special-medium kartra_element_bg--padding-bottom-tiny" data-component="bundle">
<div class="background-item" data-was-processed="true">Email : contact@my-afro.com</div>
<div data-was-processed="true"></div>
<div data-was-processed="true"></div>
<div class="container">
<div class="row row--equal" data-component="grid">
<div class="col-md-7 column--vertical-center">
<div class="kartra_link_wrapper kartra_link_wrapper--flex kartra_link_wrapper--align-left kartra_link_wrapper--sm-align-center kartra_link_wrapper--margin-bottom-small" data-component="bundle"></div>
</div>
<div class="col-md-5 column--vertical-center">
<div class="js_kartra_component_holder">
<div data-component="text">
<div class="kartra_text kartra_text--open-sans-font kartra_text--font-weight-regular kartra_text--dim-black kartra_text--text-right kartra_text--sm-text-center kartra_text--margin-bottom-special-medium" aria-controls="cke_4924" aria-activedescendant="" aria-autocomplete="list" aria-expanded="false">
<p><span style="font-size: 10pt; font-family: helvetica, arial, sans-serif;">© 2024 – Tous droits réservés par Carole SEGUIN – Coaching capillaire sur-mesure – N° SIRET 880 316 088 00017</span></p>
</div>
</div>
</div>
</div>
</div>
</div>
</div>
<p>&nbsp;</p>

<p>Découvre dès maintenant mon programme Hair Coaching pour les Papas ! Le nouveau programme capillaire sur-mesure pour papas débutants ! Les tips pour être efficace sur les soins, les gestes,  les modèles de coiffure&#8230; sans prise de tête ! &nbsp; &nbsp; Carole SEGUIN, coach capillaire certifiée Je suis passionnée par la beauté, les bienfaits et &hellip; </p>
<p class="link-more"><a href="https://caroleseguin.fr/index.php/programme-hair-coaching-pour-les-papas/" class="more-link">Continuer la lecture<span class="screen-reader-text"> de &laquo;&nbsp;Programme Hair coaching pour les papas&nbsp;&raquo;</span></a></p>

Découvre dès maintenant mon programme Hair Coaching pour les Papas. Le nouveau programme capillaire sur-mesure pour papas débutants !

Découvre dès maintenant mon programme Hair Coaching pour les Papas ! Le nouveau programme capillaire sur-mesure pour papas débutants ! Les tips pour être efficace sur les soins, les gestes,  les modèles de coiffure&#8230; sans prise de tête ! &nbsp; &nbsp; Carole SEGUIN, coach capillaire certifiée Je suis passionnée par la beauté, les bienfaits et…
